?
True
Is 54 a factor of 6027210?
True
Is 45 a factor of 124266?
False
Does 16 divide 10285376?
True
Does 87 divide 708093?
True
Does 15 divide 3207046?
False
Does 28 divide 387324?
True
Is 553686 a multiple of 243?
False
Does 14 divide 6875?
False
Is 21420202 a multiple of 654?
False
Is 332296 a multiple of 231?
False
Is 913 a factor of 2879602?
True
Is 611052 a multiple of 12?
True
Is 10 a factor of 20201820?
True
Does 96 divide 45348?
False
Is 17495703 a multiple of 811?
True
Is 94983 a multiple of 21?
True
Is 2917068 a multiple of 84?
True
Is 33 a factor of 110517?
True
Is 1026 a multiple of 2?
True
Is 17 a factor of 466093?
False
Is 43641 a multiple of 9?
True
Is 17 a factor of 9622739?
False
Is 808314 a multiple of 27?
False
Is 5452357 a multiple of 37?
True
Does 33 divide 234036?
True
Does 85 divide 44030?
True
Does 32 divide 7245536?
True
Is 132184 a multiple of 41?
True
Does 319 divide 153758?
True
Does 353 divide 9704?
False
Is 386962 a multiple of 299?
False
Is 8 a factor of 38175?
False
Does 100 divide 1045709?
False
Is 73996 a multiple of 26?
True
Is 98449 a multiple of 31?
False
Is 2319151 a multiple of 4?
False
Does 45 divide 243093?
False
Does 7 divide 2173979?
False
Is 41394 a multiple of 38?
False
Is 3281 a multiple of 11?
False
Is 975879 a multiple of 491?
False
Is 58 a factor of 38135?
False
Is 543636 a multiple of 12?
True
Does 190 divide 93480?
True
Is 240 a factor of 60980?
False
Does 31 divide 107514?
False
Is 465 a factor of 11194752?
False
Is 28827 a multiple of 174?
False
Does 318 divide 8663592?
True
Does 141 divide 2622791?
False
Does 246 divide 1542576?
False
Is 64578 a multiple of 94?
True
Does 39 divide 3255098?
False
Is 343 a factor of 167727?
True
Is 148352 a multiple of 76?
True
Is 1327923 a multiple of 695?
False
Is 125 a factor of 1134040?
False
Does 286 divide 126812?
False
Is 11 a factor of 172051?
True
Is 25970 a multiple of 265?
True
Is 75751 a multiple of 13?
True
Does 78 divide 11622468?
True
Is 19 a factor of 222159?
False
Is 21 a factor of 2944137?
True
Is 5645 a multiple of 44?
False
Is 124875 a multiple of 25?
True
Does 31 divide 1234907?
False
Is 39 a factor of 446004?
True
Is 20905605 a multiple of 285?
True
Does 428 divide 105395?
False
Does 169 divide 40898?
True
Is 18676 a multiple of 473?
False
Is 1126307 a multiple of 4?
False
Is 1060036 a multiple of 18?
False
Is 6677452 a multiple of 109?
False
Is 685757 a multiple of 90?
False
Does 217 divide 115878?
True
Is 1179547 a multiple of 7?
False
Is 101504 a multiple of 244?
True
Is 51865 a multiple of 451?
True
Is 17 a factor of 3253841?
False
Does 168 divide 108452?
False
Does 87 divide 131718?
True
Is 6 a factor of 2677?
False
Is 16 a factor of 17792?
True
Is 2770304 a multiple of 15?
False
Is 318803 a multiple of 167?
True
Is 180350 a multiple of 656?
False
Is 6 a factor of 614802?
True
Is 2 a factor of 51154?
True
Is 5 a factor of 680976?
False
Does 42 divide 4201135?
False
Is 122448 a multiple of 16?
True
Does 24 divide 2668204?
False
Is 5811305 a multiple of 13?
False
Is 36765 a multiple of 18?
False
Is 13 a factor of 689327?
False
Is 782 a factor of 7918532?
True
Does 38 divide 2376862?
True
Is 32003 a multiple of 4?
False
Is 56080 a multiple of 20?
True
Is 30790 a multiple of 10?
True
Is 13 a factor of 27407848?
True
Does 12 divide 37968?
True
Does 8 divide 65808?
True
Is 10468216 a multiple of 870?
False
Does 328 divide 218116?
False
Does 11 divide 209858?
True
Is 121278 a multiple of 246?
True
Does 9 divide 4312736?
False
Is 295 a factor of 53143?
False
Does 132 divide 261898?
False
Is 2042880 a multiple of 456?
True
Is 4178827 a multiple of 393?
False
Is 20 a factor of 165520?
True
Does 14 divide 1271676?
True
Is 523501 a multiple of 11?
True
Is 26796 a multiple of 53?
False
Is 112 a factor of 5032?
False
Is 188702 a multiple of 3?
False
Is 1128534 a multiple of 22?
True
Does 86 divide 24940?
True
Is 50493 a multiple of 20?
False
Is 1824239 a multiple of 213?
False
Is 1477360 a multiple of 313?
True
Does 2 divide 2636717?
False
Is 198454 a multiple of 8?
False
Does 217 divide 80054?
False
Is 91 a factor of 5230980?
False
Is 41 a factor of 1324223?
False
Does 1846 divide 5401641?
False
Is 33 a factor of 706979?
False
Is 624952 a multiple of 818?
True
Is 8041164 a multiple of 30?
False
Does 573 divide 7848954?
True
Is 3364789 a multiple of 64?
False
Is 8030805 a multiple of 640?
False
Does 163 divide 596417?
True
Does 172 divide 1318342?
False
Is 98935 a multiple of 21?
False
Does 55 divide 134305?
False
Is 76212 a multiple of 107?
False
Is 23 a factor of 45787?
False
Is 3785256 a multiple of 18?
True
Does 70 divide 42070?
True
Does 3 divide 8303?
False
Is 54873 a multiple of 21?
True
Is 5 a factor of 15263245?
True
Is 95 a factor of 472340?
True
Is 35875 a multiple of 25?
True
Does 73 divide 16328932?
True
Does 104 divide 2490361?
False
Is 960 a factor of 13727749?
False
Is 7995 even?
False
Does 6 divide 130278?
True
Is 38 a factor of 521550?
True
Does 283 divide 305923?
True
Is 568 a factor of 1361994?
False
Is 55 a factor of 662200?
True
Is 120738 a multiple of 238?
False
Is 144 a factor of 1381104?
True
Is 105 a factor of 1876875?
True
Is 139100 a multiple of 50?
True
Is 427760 a multiple of 29?
False
Does 221 divide 1147211?
True
Is 1175 a factor of 401654?
False
Does 17 divide 53227?
True
Does 23 divide 910892?
True
Is 59209 a multiple of 22?
False
Is 5 a factor of 268712?
False
Does 241 divide 170328?
False
Is 795582 a multiple of 18?
True
Is 12 a factor of 278196?
True
Is 235 a factor of 4929642?
False
Does 39 divide 54291?
False
Is 26 a factor of 229008?
True
Does 74 divide 228068?
True
Is 42 a factor of 83422?
False
Does 17 divide 1559155?
True
Does 75 divide 3313641?
False
Is 288095 a multiple of 11?
False
Is 3 a factor of 36670?
False
Is 2024 a multiple of 44?
True
Is 427885 a multiple of 18?
False
Is 7717337 a multiple of 224?
False
Is 637100 a multiple of 50?
True
Is 623 a factor of 680091?
False
Is 392519 a multiple of 170?
False
Is 28 a factor of 207820?
False
Is 211499 a multiple of 99?
False
Does 45 divide 705334?
False
Does 5 divide 646488?
False
Is 5401617 a multiple of 43?
True
Is 36 a factor of 171291?
False
Is 81123 a multiple of 51?
False
Does 56 divide 185122?
False
Is 345177 a multiple of 9?
True
Does 45 divide 1444815?
True
Is 146 a factor of 2178174?
True
Is 5 a factor of 1121896?
False
Does 251 divide 6056379?
True
Is 92 a factor of 56396?
True
Does 114 divide 24852?
True
Is 14 a factor of 144023?
False
Does 126 divide 8214757?
False
Does 260 divide 23222?
False
Is 315 a factor of 271268?
False
Is 53 a factor of 258734?
False
Is 273046 a multiple of 205?
False
Does 124 divide 287079?
False
Does 15 divide 20350?
False
Is 135 a factor of 1474414?
False
Is 65 a factor of 89026?
False
Is 89105 a multiple of 71?
True
Is 82 a factor of 84117?
False
Does 20 divide 3625020?
True
Does 46 divide 3344798?
True
Is 13628 even?
True
Is 8 a factor of 12540218?
False
Is 534 a factor of 2340522?
True
Is 237260 a multiple of 20?
True
Does 30 divide 5623697?
False
Is 165076 a multiple of 4?
True
Is 2636756 a multiple of 24?
False
Is 6123998 a multiple of 97?
True
Is 789593 a multiple of 100?
False
Does 377 divide 3656362?
False
Is 77 a factor of 184877?
True
Is 16469 a multiple of 43?
True
Is 25 a factor of 634361?
False
Is 140220 a multiple of 114?
True
Is 53 a factor of 1572026?
False
Is 20 a factor of 67199?
False
Does 158 divide 25652749?
False
Is 16 a factor of 29932496?
True
Is 250 a factor of 574750?
True
Is 2635184 a multiple of 872?
True
Is 36287 a multiple of 37?
False
Is 32273 a multiple of 61?
False
Does 21 divide 221220?
False
Is 14 a factor of 5392290?
False
Does 531 divide 1712512?
False
Is 1596602 a multiple of 37?
False
Is 252784 a multiple of 8?
True
Is 12 a factor of 3167484?
True
Is 747318 a multiple of 858?
True
Is 301 a factor of 144672?
False
Is 1330673 a multiple of 104?
False
Does 136 divide 7909488?
True
Is 412 a factor of 779092?
True
Does 25 divide 8873425?
True
Does 619 divide 3095?
True
Is 1608713 a multiple of 34?
False
Is 200 a factor of 800967?
False
Does 236 divide 322612?
True
Is 4 a factor of 222665?
False
Is 56 a factor of 656508?
False
Does 20 divide 2287158?
False
Is 38 a factor of 